793. Determine w(-136).
-25
Let k(b) = -2*b**3 + 131*b**2 + 986*b + 24. Calculate k(-7).
227
Let t(i) = -104*i**2 + 3218*i + 3518. Give t(32).
-2
Let t(m) = -11*m**3 - 725*m**2 + 1566*m + 130. Calculate t(-68).
-6
Let h(v) = -80625*v - 80638. Give h(-1).
-13
Let a(p) = 17522215*p - 70088862. What is a(4)?
-2
Let a(q) = -1636*q - 68777. Give a(-42).
-65
Let r(o) = -541*o - 102565. Give r(-190).
225
Let y(n) = n**2 + 301*n - 5062. Determine y(16).
10
Let g(d) = -198*d - 30. Give g(-6).
1158
Let g(s) = -74*s - 5773. Give g(-70).
-593
Let n(t) = 1220*t + 30569. Calculate n(-25).
69
Let h(s) = -s**3 - 344*s**2 + 49938*s + 229. Calculate h(110).
9
Let g(f) = -f**3 - 65*f**2 + 609*f - 24264. What is g(-77)?
-9
Let r(f) = f**3 - 3*f**2 - 208*f + 1003. Determine r(5).
13
Let s(y) = -166935*y + 333874. Calculate s(2).
4
Let t(v) = -3*v**3 - 155*v**2 - 7*v - 725. Determine t(-52).
2343
Let t(p) = -11*p**2 + 153*p - 379. Give t(13).
-249
Let p(d) = 4134*d - 12749. What is p(3)?
-347
Let f(b) = -2700*b + 48589. Give f(18).
-11
Let j(v) = v**3 + 39*v**2 - 69*v + 2335. What is j(-42)?
-59
Let p(b) = 798*b**2 + 200298*b + 78. Calculate p(-251).
78
Let q(x) = -x**2 - 668*x + 113103. What is q(-808)?
-17
Let i(k) = -60*k**2 - 1606*k + 379. Give i(-27).
1
Let i(m) = -510*m + 4114. Give i(8).
34
Let k(l) = 4*l**2 + 4537*l + 93527. Determine k(-21).
14
Let h(a) = -a**3 + 2*a**2 + 1227*a + 7068. Calculate h(-6).
-6
Let d(m) = 2*m**3 + 203*m**2 + 330*m + 2999. Calculate d(-100).
-1
Let j(k) = -8427*k - 176958. What is j(-21)?
9
Let u(i) = i**3 - 15*i**2 - 5879*i + 41168. Calculate u(7).
-377
Let k(s) = -742*s - 277790. Give k(-374).
-282
Let j(m) = -3*m**3 - 40*m**2 - 303*m - 440. Give j(-5).
450
Let r(y) = -12*y**2 + 731*y - 2932. Determine r(4).
-200
Let o(c) = 10*c**3 - 3*c**2 + 6*c - 138. What is o(4)?
478
Let m(t) = -16*t**2 - 9*t + 40. Give m(0).
40
Let z(i) = -154*i + 13168. What is z(74)?
1772
Let r(o) = -o**3 - 141*o**2 - 570*o - 3016. Determine r(-137).
-2
Let v(x) = 2539*x + 996. Give v(0).
996
Let b(z) = 41*z**3 + 277*z**2 - 6*z. Calculate b(-7).
-448
Let s(i) = -22176*i + 88714. Give s(4).
10
Let p(z) = -240*z + 3120. Calculate p(13).
0
Let a(m) = 6*m**2 - 232*m + 1485. What is a(31)?
59
Let t(v) = -18*v**2 - 2883*v + 106657. Give t(31).
-14
Let w(q) = 18160*q + 236216. Calculate w(-13).
136
Let c(u) = 4*u**3 - 12*u**2 - 71*u + 168. What is c(4)?
-52
Let d(q) = 624*q + 6862. Give d(-11).
-2
Let u(k) = -8836*k**2 - 17656*k - 8. Calculate u(-2).
-40
Let g(k) = -10*k**3 + 7*k**2 - 10*k - 15. Calculate g(3).
-252
Let s(x) = -210*x - 24402. Give s(-115).
-252
Let q(z) = -z**3 + 269*z**2 - 3801*z - 1917. Determine q(254).
369
Let i(q) = 4*q**2 + 413*q + 1601. Determine i(-96).
-1183
Let k(s) = 16*s**2 + 202*s + 170. What is k(-11)?
-116
Let a(j) = 5381*j - 75179. Calculate a(14).
155
Let y(r) = 2037*r + 232214. Determine y(-114).
-4
Let j(h) = 1896*h + 9811. Give j(-5).
331
Let p(t) = t**2 - 77*t + 445. Determine p(63).
-437
Let q(a) = 14*a**3 - 211*a**2 + 8*a + 121. What is q(15)?
16
Let c(x) = -68*x**2 + 135*x + 775. Calculate c(-5).
-1600
Let p(a) = -1539*a + 272495. Determine p(177).
92
Let s(g) = g**3 + 30*g**2 + 92*g - 70. Give s(-27).
-367
Let m(x) = -193121*x - 78600250. Calculate m(-407).
-3
Let l(c) = c**3 - 72*c**2 + 257*c - 18517. Determine l(72).
-13
Let c(g) = -6*g**3 + 24*g**2 + 35*g + 16. Calculate c(-2).
90
Let t(f) = 74137*f + 1482735. What is t(-20)?
-5
Let c(r) = 84*r - 21681. Determine c(258).
-9
Let d(g) = -12640*g + 492954. Calculate d(39).
-6
Let o(d) = -18345*d - 36715. Give o(-2).
-25
Let k(f) = -4*f**3 + 126*f**2 - 527*f + 14298. What is k(31)?
-117
Let z(f) = -7126*f + 17772. What is z(3)?
-3606
Let z(h) = h**2 + 577259*h - 4618143. Calculate z(8).
-7
Let d(w) = 963*w - 29887. Determine d(31).
-34
Let c(l) = l**3 + 253*l**2 + 547*l + 84. Give c(-2).
-6
Let t(m) = 2*m**2 - 17*m - 123. What is t(20)?
337
Let s(g) = g**3 + 55*g**2 + 313*g + 989. Determine s(-49).
58
Let d(c) = -811*c - 106214. What is d(-131)?
27
Let x(u) = u**3 - 7*u**2 + 98*u - 878. Determine x(8).
-30
Let i(p) = 2028*p + 7894. Determine i(-4).
-218
Let u(d) = 86*d - 791. Calculate u(0).
-791
Let v(t) = -2*t**2 - t + 1523. What is v(-28)?
-17
Let v(o) = -7*o**2 - 67*o - 257. What is v(-13)?
-569
Let w(h) = -28*h**2 + 188*h + 511. Determine w(-3).
-305
Let a(k) = -k**3 - 22*k**2 + 51*k + 194. Give a(-25).
794
Let u(f) = 2*f**3 - 35*f**2 + 19*f + 502. Determine u(16).
38
Let i(h) = 12*h**3 - 196*h**2 + 391*h + 38. Give i(14).
24
Let t(f) = -19*f**3 + 1100*f**2 + 113*f + 179. Calculate t(58).
5
Let j(f) = 10*f**2 + 873*f + 3527. Determine j(-84).
755
Let n(j) = 438*j**2 + 20209*j + 22432. Give n(-45).
-23
Let v(q) = 16*q + 664. Give v(14).
888
Let k(i) = 130411*i + 1956147. Give k(-15).
-18
Let p(l) = -177*l - 8688. Determine p(-49).
-15
Let k(u) = -3944*u + 55236. Determine k(14).
20
Let b(x) = 286*x**2 + 43468*x - 605. Calculate b(-152).
3
Let m(s) = -s**3 + 13*s**2 - 2181*s + 26026. Determine m(12).
-2
Let v(y) = 543*y**3 + 17*y**2 + 102*y - 273. Determine v(2).
4343
Let a(t) = -1083*t + 107300. Give a(99).
83
Let u(x) = 819*x**2 - 75368*x + 83. Calculate u(92).
-1757
Let z(n) = n**3 - 877*n**2 - 4440*n + 26440. What is z(882)?
-20
Let b(w) = -50675*w + 90. Determine b(0).
90
Let f(g) = -56614*g - 226454. Determine f(-4).
2
Let x(j) = -2*j**2 + 210*j - 5415. Determine x(46).
13
Let c(a) = a**2 + 2572*a - 980333. Determine c(337).
0
Let z(p) = -3*p**3 + 723*p**2 + 719*p + 2073. What is z(242)?
379
Let x(i) = 4*i**3 + 21*i**2 + 680*i + 2636. What is x(-4)?
-4
Let k(a) = 44*a**3 + 14828*a**2 + 4*a + 1056. Determine k(-337).
-292
Let l(t) = -10*t**3 - 333*t**2 - 85*t - 73. Give l(-33).
-535
Let t(j) = -7*j**3 + 15*j**2 - 36*j - 9. What is t(-6)?
2259
Let k(n) = -94*n**2 + 4323*n - 163. Give k(46).
-209
Let y(r) = -39*r - 3503. Give y(-84).
-227
Let l(h) = -15*h**3 - 48*h**2 - 640*h - 1921. What is l(-3)?
-28
Let x(a) = 44366*a - 310587. What is x(7)?
-25
Let t(n) = -3*n**3 + 18*n**2 + 4*n - 5. What is t(6)?
19
Let w(y) = -10345*y - 93399. Calculate w(-9).
-294
Let w(k) = -8*k**2 - 104*k - 599. Calculate w(-6).
-263
Let z(d) = 5*d**2 - 186*d + 4112. What is z(27)?
2735
Let j(o) = -4*o**2 - 269*o - 4332. What is j(-31)?
163
Let d(n) = -141399*n + 565569. Give d(4).
-27
Let p(o) = 59*o**2 - 1401*o + 2554. What is p(2)?
-12
Let h(b) = 28*b**2 - 4724*b - 15834. Determine h(172).
-10
Let p(m) = m**3 + 26*m**2 - 116*m - 5. What is p(-30)?
-125
Let h(r) = -r**2 + 17577*r - 2959194. Determine h(170).
-4
Let r(s) = -s**3 - 5*s**2 + 803*s + 41. Calculate r(-31).
134
Let d(a) = a**2 + 981925*a - 3927721. Determine d(4).
-5
Let l(k) = 2*k**3 - 12401*k**2 + 74351*k + 11. Give l(6).
113
Let v(x) = -x**3 + 96*x**2 + 116*x - 1891. Give v(97).
-48
Let a(y) = -12557*y + 61. Give a(0).
61
Let n(x) = -x**3 - 430*x**2 - 29576*x + 1. Determine n(-86).
-687
Let x(f) = 549*f + 61142. What is x(-113)?
-895
Let j(w) = -w**3 - 35*w**2 + 91*w + 630. What is j(-37)?
1
Let o(x) = 370*x - 45086. Calculate o(122).
54
Let j(s) = s**3 + 6*s**2 - 768*s - 7282. Calculate j(-10).
-2
Let t(g) = -1907*g + 176428. Give t(93).
-923
Let w(v) = v**2 + 1444*v + 27074. Give w(-19).
-1
Let i(w) = -6286*w - 18903. Calculate i(-3).
-45
Let k(s) = -2*s**3 + s**2 + 888*s + 5758. Calculate k(-16).
-2
Let t(s) = s**2 - 1238*s - 189. Give t(0).
-189
Let h(b) = -21*b**2 - 272*b + 2557. Calculate h(9).
-1592
Let w(f) = 18781*f - 1108079. Give w(59).
0
Let g(s) = 3*s**3 - 27*s**2 + 8*s - 84. Determine g(10).
296
Let j(b) = 171*b**2 + 3107*b + 517. What is j(-18)?
-5
Let q(z) = 694*z - 5657. Give q(8).
-105
Let t(p) = p**3 + 18*p**2 - 488*p + 1940. Determine t(-34).
36
Let a(i) = -202*i + 19168. Give a(95).
-22
Let f(b) = -15590*b + 5378534. Determine f(345).
-16
Let x(z) = z**2 + 641314*z - 4489246. Give x(7).
1
Let q(t) = -t**2 - 3461*t - 784911. What is q(-244)?
37
Let u(p) = 1513*p + 18338. What is u(-12)?
182
Let y(w) = w**3 + 41*w**2 + 105*w + 973. Determine y(-39).
-80
Let g(b) = b**3 - 728*b**2 + 1232*b + 437. Determine g(2).
-3
Let h(c) = 3*c**3 + 13*c**2 - 9*c - 61. Calculate h(-4).
-9
Let m(i) = i**2 - 363*i - 1490. Give m(-4).
-22
Let j(b) = 1449*b + 6101. What is j(-4)?
305
Let i(v) = -35690*v - 71372. Determ